{"id":4450,"date":"2026-03-17T11:09:35","date_gmt":"2026-03-17T10:09:35","guid":{"rendered":"https:\/\/groupe-sfimmo.ch\/immobilien\/1723308en-place-de-parc-interieure-a-louer\/"},"modified":"2026-03-17T21:22:58","modified_gmt":"2026-03-17T20:22:58","slug":"1723308en-place-de-parc-interieure-a-louer","status":"publish","type":"casawp_property","link":"https:\/\/groupe-sfimmo.ch\/en\/immobilien\/1723308en-place-de-parc-interieure-a-louer\/","title":{"rendered":"Place de parc int\u00e9rieure \u00e0 louer"},"content":{"rendered":"<p>Place de parc int\u00e9rieure disponible de suite ou \u00e0 convenir.<\/p>\n","protected":false},"excerpt":{"rendered":"<p>Place de parc int\u00e9rieure disponible de suite ou \u00e0 convenir.<\/p>\n","protected":false},"author":0,"featured_media":4451,"parent":0,"menu_order":2,"comment_status":"closed","ping_status":"closed","template":"","meta":{"_acf_changed":false,"inline_featured_image":false,"footnotes":""},"casawp_category":[64],"casawp_feature":[37,65],"casawp_utility":[66],"casawp_location":[42,62,61],"casawp_salestype":[40],"casawp_availability":[41],"casawp_region":[],"class_list":["post-4450","casawp_property","type-casawp_property","status-publish","has-post-thumbnail","hentry","casawp_category-underground-slot","casawp_feature-has-elevator","casawp_feature-is-under-roof","casawp_utility-parking","casawp_location-country_ch","casawp_location-locality_cugy-fr","casawp_location-region_fr","casawp_salestype-rent","casawp_availability-active"],"acf":[],"yoast_head":"<!-- This site is optimized with the Yoast SEO plugin v27.4 - https:\/\/yoast.com\/product\/yoast-seo-wordpress\/ -->\n<title>Place de parc int\u00e9rieure \u00e0 louer - Groupe SF Immo<\/title>\n<meta name=\"robots\" content=\"index, follow, max-snippet:-1, max-image-preview:large, max-video-preview:-1\" \/>\n<link rel=\"canonical\" href=\"https:\/\/groupe-sfimmo.ch\/en\/immobilien\/1723308en-place-de-parc-interieure-a-louer\/\" \/>\n<meta property=\"og:locale\" content=\"en_US\" \/>\n<meta property=\"og:type\" content=\"article\" \/>\n<meta property=\"og:title\" content=\"Place de parc int\u00e9rieure \u00e0 louer - Groupe SF Immo\" \/>\n<meta property=\"og:description\" content=\"Place de parc int\u00e9rieure disponible de suite ou \u00e0 convenir.\" \/>\n<meta property=\"og:url\" content=\"https:\/\/groupe-sfimmo.ch\/en\/immobilien\/1723308en-place-de-parc-interieure-a-louer\/\" \/>\n<meta property=\"og:site_name\" content=\"Groupe SF Immo\" \/>\n<meta property=\"article:modified_time\" content=\"2026-03-17T20:22:58+00:00\" \/>\n<meta name=\"twitter:card\" content=\"summary_large_image\" \/>\n<script type=\"application\/ld+json\" class=\"yoast-schema-graph\">{\"@context\":\"https:\\\/\\\/schema.org\",\"@graph\":[{\"@type\":\"WebPage\",\"@id\":\"https:\\\/\\\/groupe-sfimmo.ch\\\/en\\\/immobilien\\\/1723308en-place-de-parc-interieure-a-louer\\\/\",\"url\":\"https:\\\/\\\/groupe-sfimmo.ch\\\/en\\\/immobilien\\\/1723308en-place-de-parc-interieure-a-louer\\\/\",\"name\":\"Place de parc int\u00e9rieure \u00e0 louer - Groupe SF Immo\",\"isPartOf\":{\"@id\":\"https:\\\/\\\/groupe-sfimmo.ch\\\/en\\\/#website\"},\"primaryImageOfPage\":{\"@id\":\"https:\\\/\\\/groupe-sfimmo.ch\\\/en\\\/immobilien\\\/1723308en-place-de-parc-interieure-a-louer\\\/#primaryimage\"},\"image\":{\"@id\":\"https:\\\/\\\/groupe-sfimmo.ch\\\/en\\\/immobilien\\\/1723308en-place-de-parc-interieure-a-louer\\\/#primaryimage\"},\"thumbnailUrl\":\"https:\\\/\\\/cdn.casasoft.com\\\/media\\\/provider-14050\\\/property-1723308\\\/ff0000000034211571.jpg?p=xl\",\"datePublished\":\"2026-03-17T10:09:35+00:00\",\"dateModified\":\"2026-03-17T20:22:58+00:00\",\"breadcrumb\":{\"@id\":\"https:\\\/\\\/groupe-sfimmo.ch\\\/en\\\/immobilien\\\/1723308en-place-de-parc-interieure-a-louer\\\/#breadcrumb\"},\"inLanguage\":\"en-US\",\"potentialAction\":[{\"@type\":\"ReadAction\",\"target\":[\"https:\\\/\\\/groupe-sfimmo.ch\\\/en\\\/immobilien\\\/1723308en-place-de-parc-interieure-a-louer\\\/\"]}]},{\"@type\":\"ImageObject\",\"inLanguage\":\"en-US\",\"@id\":\"https:\\\/\\\/groupe-sfimmo.ch\\\/en\\\/immobilien\\\/1723308en-place-de-parc-interieure-a-louer\\\/#primaryimage\",\"url\":\"https:\\\/\\\/cdn.casasoft.com\\\/media\\\/provider-14050\\\/property-1723308\\\/ff0000000034211571.jpg?p=xl\",\"contentUrl\":\"https:\\\/\\\/cdn.casasoft.com\\\/media\\\/provider-14050\\\/property-1723308\\\/ff0000000034211571.jpg?p=xl\",\"caption\":\"Immeuble\"},{\"@type\":\"BreadcrumbList\",\"@id\":\"https:\\\/\\\/groupe-sfimmo.ch\\\/en\\\/immobilien\\\/1723308en-place-de-parc-interieure-a-louer\\\/#breadcrumb\",\"itemListElement\":[{\"@type\":\"ListItem\",\"position\":1,\"name\":\"Properties\",\"item\":\"https:\\\/\\\/groupe-sfimmo.ch\\\/en\\\/immobilien\\\/\"},{\"@type\":\"ListItem\",\"position\":2,\"name\":\"Place de parc int\u00e9rieure \u00e0 louer\"}]},{\"@type\":\"WebSite\",\"@id\":\"https:\\\/\\\/groupe-sfimmo.ch\\\/en\\\/#website\",\"url\":\"https:\\\/\\\/groupe-sfimmo.ch\\\/en\\\/\",\"name\":\"Groupe SF Immo\",\"description\":\"\",\"publisher\":{\"@id\":\"https:\\\/\\\/groupe-sfimmo.ch\\\/en\\\/#organization\"},\"potentialAction\":[{\"@type\":\"SearchAction\",\"target\":{\"@type\":\"EntryPoint\",\"urlTemplate\":\"https:\\\/\\\/groupe-sfimmo.ch\\\/en\\\/?s={search_term_string}\"},\"query-input\":{\"@type\":\"PropertyValueSpecification\",\"valueRequired\":true,\"valueName\":\"search_term_string\"}}],\"inLanguage\":\"en-US\"},{\"@type\":\"Organization\",\"@id\":\"https:\\\/\\\/groupe-sfimmo.ch\\\/en\\\/#organization\",\"name\":\"Groupe SF Immo\",\"url\":\"https:\\\/\\\/groupe-sfimmo.ch\\\/en\\\/\",\"logo\":{\"@type\":\"ImageObject\",\"inLanguage\":\"en-US\",\"@id\":\"https:\\\/\\\/groupe-sfimmo.ch\\\/en\\\/#\\\/schema\\\/logo\\\/image\\\/\",\"url\":\"https:\\\/\\\/groupe-sfimmo.ch\\\/wp-content\\\/uploads\\\/sites\\\/37\\\/2025\\\/09\\\/25_Groupe-SF-Immo-SA-1.svg\",\"contentUrl\":\"https:\\\/\\\/groupe-sfimmo.ch\\\/wp-content\\\/uploads\\\/sites\\\/37\\\/2025\\\/09\\\/25_Groupe-SF-Immo-SA-1.svg\",\"width\":1317,\"height\":451,\"caption\":\"Groupe SF Immo\"},\"image\":{\"@id\":\"https:\\\/\\\/groupe-sfimmo.ch\\\/en\\\/#\\\/schema\\\/logo\\\/image\\\/\"}}]}<\/script>\n<!-- \/ Yoast SEO plugin. -->","yoast_head_json":{"title":"Place de parc int\u00e9rieure \u00e0 louer - Groupe SF Immo","robots":{"index":"index","follow":"follow","max-snippet":"max-snippet:-1","max-image-preview":"max-image-preview:large","max-video-preview":"max-video-preview:-1"},"canonical":"https:\/\/groupe-sfimmo.ch\/en\/immobilien\/1723308en-place-de-parc-interieure-a-louer\/","og_locale":"en_US","og_type":"article","og_title":"Place de parc int\u00e9rieure \u00e0 louer - Groupe SF Immo","og_description":"Place de parc int\u00e9rieure disponible de suite ou \u00e0 convenir.","og_url":"https:\/\/groupe-sfimmo.ch\/en\/immobilien\/1723308en-place-de-parc-interieure-a-louer\/","og_site_name":"Groupe SF Immo","article_modified_time":"2026-03-17T20:22:58+00:00","twitter_card":"summary_large_image","schema":{"@context":"https:\/\/schema.org","@graph":[{"@type":"WebPage","@id":"https:\/\/groupe-sfimmo.ch\/en\/immobilien\/1723308en-place-de-parc-interieure-a-louer\/","url":"https:\/\/groupe-sfimmo.ch\/en\/immobilien\/1723308en-place-de-parc-interieure-a-louer\/","name":"Place de parc int\u00e9rieure \u00e0 louer - Groupe SF Immo","isPartOf":{"@id":"https:\/\/groupe-sfimmo.ch\/en\/#website"},"primaryImageOfPage":{"@id":"https:\/\/groupe-sfimmo.ch\/en\/immobilien\/1723308en-place-de-parc-interieure-a-louer\/#primaryimage"},"image":{"@id":"https:\/\/groupe-sfimmo.ch\/en\/immobilien\/1723308en-place-de-parc-interieure-a-louer\/#primaryimage"},"thumbnailUrl":"https:\/\/cdn.casasoft.com\/media\/provider-14050\/property-1723308\/ff0000000034211571.jpg?p=xl","datePublished":"2026-03-17T10:09:35+00:00","dateModified":"2026-03-17T20:22:58+00:00","breadcrumb":{"@id":"https:\/\/groupe-sfimmo.ch\/en\/immobilien\/1723308en-place-de-parc-interieure-a-louer\/#breadcrumb"},"inLanguage":"en-US","potentialAction":[{"@type":"ReadAction","target":["https:\/\/groupe-sfimmo.ch\/en\/immobilien\/1723308en-place-de-parc-interieure-a-louer\/"]}]},{"@type":"ImageObject","inLanguage":"en-US","@id":"https:\/\/groupe-sfimmo.ch\/en\/immobilien\/1723308en-place-de-parc-interieure-a-louer\/#primaryimage","url":"https:\/\/cdn.casasoft.com\/media\/provider-14050\/property-1723308\/ff0000000034211571.jpg?p=xl","contentUrl":"https:\/\/cdn.casasoft.com\/media\/provider-14050\/property-1723308\/ff0000000034211571.jpg?p=xl","caption":"Immeuble"},{"@type":"BreadcrumbList","@id":"https:\/\/groupe-sfimmo.ch\/en\/immobilien\/1723308en-place-de-parc-interieure-a-louer\/#breadcrumb","itemListElement":[{"@type":"ListItem","position":1,"name":"Properties","item":"https:\/\/groupe-sfimmo.ch\/en\/immobilien\/"},{"@type":"ListItem","position":2,"name":"Place de parc int\u00e9rieure \u00e0 louer"}]},{"@type":"WebSite","@id":"https:\/\/groupe-sfimmo.ch\/en\/#website","url":"https:\/\/groupe-sfimmo.ch\/en\/","name":"Groupe SF Immo","description":"","publisher":{"@id":"https:\/\/groupe-sfimmo.ch\/en\/#organization"},"potentialAction":[{"@type":"SearchAction","target":{"@type":"EntryPoint","urlTemplate":"https:\/\/groupe-sfimmo.ch\/en\/?s={search_term_string}"},"query-input":{"@type":"PropertyValueSpecification","valueRequired":true,"valueName":"search_term_string"}}],"inLanguage":"en-US"},{"@type":"Organization","@id":"https:\/\/groupe-sfimmo.ch\/en\/#organization","name":"Groupe SF Immo","url":"https:\/\/groupe-sfimmo.ch\/en\/","logo":{"@type":"ImageObject","inLanguage":"en-US","@id":"https:\/\/groupe-sfimmo.ch\/en\/#\/schema\/logo\/image\/","url":"https:\/\/groupe-sfimmo.ch\/wp-content\/uploads\/sites\/37\/2025\/09\/25_Groupe-SF-Immo-SA-1.svg","contentUrl":"https:\/\/groupe-sfimmo.ch\/wp-content\/uploads\/sites\/37\/2025\/09\/25_Groupe-SF-Immo-SA-1.svg","width":1317,"height":451,"caption":"Groupe SF Immo"},"image":{"@id":"https:\/\/groupe-sfimmo.ch\/en\/#\/schema\/logo\/image\/"}}]}},"_links":{"self":[{"href":"https:\/\/groupe-sfimmo.ch\/en\/wp-json\/wp\/v2\/casawp_property\/4450","targetHints":{"allow":["GET"]}}],"collection":[{"href":"https:\/\/groupe-sfimmo.ch\/en\/wp-json\/wp\/v2\/casawp_property"}],"about":[{"href":"https:\/\/groupe-sfimmo.ch\/en\/wp-json\/wp\/v2\/types\/casawp_property"}],"replies":[{"embeddable":true,"href":"https:\/\/groupe-sfimmo.ch\/en\/wp-json\/wp\/v2\/comments?post=4450"}],"version-history":[{"count":0,"href":"https:\/\/groupe-sfimmo.ch\/en\/wp-json\/wp\/v2\/casawp_property\/4450\/revisions"}],"wp:featuredmedia":[{"embeddable":true,"href":"https:\/\/groupe-sfimmo.ch\/en\/wp-json\/wp\/v2\/media\/4451"}],"wp:attachment":[{"href":"https:\/\/groupe-sfimmo.ch\/en\/wp-json\/wp\/v2\/media?parent=4450"}],"wp:term":[{"taxonomy":"casawp_category","embeddable":true,"href":"https:\/\/groupe-sfimmo.ch\/en\/wp-json\/wp\/v2\/casawp_category?post=4450"},{"taxonomy":"casawp_feature","embeddable":true,"href":"https:\/\/groupe-sfimmo.ch\/en\/wp-json\/wp\/v2\/casawp_feature?post=4450"},{"taxonomy":"casawp_utility","embeddable":true,"href":"https:\/\/groupe-sfimmo.ch\/en\/wp-json\/wp\/v2\/casawp_utility?post=4450"},{"taxonomy":"casawp_location","embeddable":true,"href":"https:\/\/groupe-sfimmo.ch\/en\/wp-json\/wp\/v2\/casawp_location?post=4450"},{"taxonomy":"casawp_salestype","embeddable":true,"href":"https:\/\/groupe-sfimmo.ch\/en\/wp-json\/wp\/v2\/casawp_salestype?post=4450"},{"taxonomy":"casawp_availability","embeddable":true,"href":"https:\/\/groupe-sfimmo.ch\/en\/wp-json\/wp\/v2\/casawp_availability?post=4450"},{"taxonomy":"casawp_region","embeddable":true,"href":"https:\/\/groupe-sfimmo.ch\/en\/wp-json\/wp\/v2\/casawp_region?post=4450"}],"curies":[{"name":"wp","href":"https:\/\/api.w.org\/{rel}","templated":true}]}}

Place de parc intérieure à louer

<p>Place de parc intérieure disponible de suite ou à convenir.</p>

<!-- This site is optimized with the Yoast SEO plugin v27.4 - https://yoast.com/product/yoast-seo-wordpress/ -->
<title>Place de parc intérieure à louer - Groupe SF Immo</title>
<meta name="robots" content="index, follow, max-snippet:-1, max-image-preview:large, max-video-preview:-1" />
<link rel="canonical" href="https://groupe-sfimmo.ch/en/immobilien/1723308en-place-de-parc-interieure-a-louer/" />
<meta property="og:locale" content="en_US" />
<meta property="og:type" content="article" />
<meta property="og:title" content="Place de parc intérieure à louer - Groupe SF Immo" />
<meta property="og:description" content="Place de parc intérieure disponible de suite ou à convenir." />
<meta property="og:url" content="https://groupe-sfimmo.ch/en/immobilien/1723308en-place-de-parc-interieure-a-louer/" />
<meta property="og:site_name" content="Groupe SF Immo" />
<meta property="article:modified_time" content="2026-03-17T20:22:58+00:00" />
<meta name="twitter:card" content="summary_large_image" />
<script type="application/ld+json" class="yoast-schema-graph">{"@context":"https:\/\/schema.org","@graph":[{"@type":"WebPage","@id":"https:\/\/groupe-sfimmo.ch\/en\/immobilien\/1723308en-place-de-parc-interieure-a-louer\/","url":"https:\/\/groupe-sfimmo.ch\/en\/immobilien\/1723308en-place-de-parc-interieure-a-louer\/","name":"Place de parc intérieure à louer - Groupe SF Immo","isPartOf":{"@id":"https:\/\/groupe-sfimmo.ch\/en\/#website"},"primaryImageOfPage":{"@id":"https:\/\/groupe-sfimmo.ch\/en\/immobilien\/1723308en-place-de-parc-interieure-a-louer\/#primaryimage"},"image":{"@id":"https:\/\/groupe-sfimmo.ch\/en\/immobilien\/1723308en-place-de-parc-interieure-a-louer\/#primaryimage"},"thumbnailUrl":"https:\/\/cdn.casasoft.com\/media\/provider-14050\/property-1723308\/ff0000000034211571.jpg?p=xl","datePublished":"2026-03-17T10:09:35+00:00","dateModified":"2026-03-17T20:22:58+00:00","breadcrumb":{"@id":"https:\/\/groupe-sfimmo.ch\/en\/immobilien\/1723308en-place-de-parc-interieure-a-louer\/#breadcrumb"},"inLanguage":"en-US","potentialAction":[{"@type":"ReadAction","target":["https:\/\/groupe-sfimmo.ch\/en\/immobilien\/1723308en-place-de-parc-interieure-a-louer\/"]}]},{"@type":"ImageObject","inLanguage":"en-US","@id":"https:\/\/groupe-sfimmo.ch\/en\/immobilien\/1723308en-place-de-parc-interieure-a-louer\/#primaryimage","url":"https:\/\/cdn.casasoft.com\/media\/provider-14050\/property-1723308\/ff0000000034211571.jpg?p=xl","contentUrl":"https:\/\/cdn.casasoft.com\/media\/provider-14050\/property-1723308\/ff0000000034211571.jpg?p=xl","caption":"Immeuble"},{"@type":"BreadcrumbList","@id":"https:\/\/groupe-sfimmo.ch\/en\/immobilien\/1723308en-place-de-parc-interieure-a-louer\/#breadcrumb","itemListElement":[{"@type":"ListItem","position":1,"name":"Properties","item":"https:\/\/groupe-sfimmo.ch\/en\/immobilien\/"},{"@type":"ListItem","position":2,"name":"Place de parc intérieure à louer"}]},{"@type":"WebSite","@id":"https:\/\/groupe-sfimmo.ch\/en\/#website","url":"https:\/\/groupe-sfimmo.ch\/en\/","name":"Groupe SF Immo","description":"","publisher":{"@id":"https:\/\/groupe-sfimmo.ch\/en\/#organization"},"potentialAction":[{"@type":"SearchAction","target":{"@type":"EntryPoint","urlTemplate":"https:\/\/groupe-sfimmo.ch\/en\/?s={search_term_string}"},"query-input":{"@type":"PropertyValueSpecification","valueRequired":true,"valueName":"search_term_string"}}],"inLanguage":"en-US"},{"@type":"Organization","@id":"https:\/\/groupe-sfimmo.ch\/en\/#organization","name":"Groupe SF Immo","url":"https:\/\/groupe-sfimmo.ch\/en\/","logo":{"@type":"ImageObject","inLanguage":"en-US","@id":"https:\/\/groupe-sfimmo.ch\/en\/#\/schema\/logo\/image\/","url":"https:\/\/groupe-sfimmo.ch\/wp-content\/uploads\/sites\/37\/2025\/09\/25_Groupe-SF-Immo-SA-1.svg","contentUrl":"https:\/\/groupe-sfimmo.ch\/wp-content\/uploads\/sites\/37\/2025\/09\/25_Groupe-SF-Immo-SA-1.svg","width":1317,"height":451,"caption":"Groupe SF Immo"},"image":{"@id":"https:\/\/groupe-sfimmo.ch\/en\/#\/schema\/logo\/image\/"}}]}</script>
<!-- / Yoast SEO plugin. -->

Place de parc intérieure à louer - Groupe SF Immo

Place de parc intérieure disponible de suite ou à convenir.
